{"id":58,"date":"2025-02-25T08:53:43","date_gmt":"2025-02-25T07:53:43","guid":{"rendered":"http:\/\/paroisse-crach.fr\/?page_id=58"},"modified":"2025-05-28T17:39:40","modified_gmt":"2025-05-28T15:39:40","slug":"fraternites-paroissiales-missionnaires","status":"publish","type":"page","link":"https:\/\/paroisse-crach.fr\/?page_id=58","title":{"rendered":"Fraternit\u00e9s paroissiales missionnaires"},"content":{"rendered":"<div class=\"wp-block-image\">\n<figure class=\"aligncenter size-full is-resized has-custom-border\"><img loading=\"lazy\" decoding=\"async\" width=\"2560\" height=\"1742\" src=\"http:\/\/paroisse-crach.fr\/wp-content\/uploads\/2025\/05\/Frat-St-Mathurin-scaled.jpg\" alt=\"\" class=\"wp-image-1065\" style=\"border-radius:20px;aspect-ratio:16\/9;object-fit:cover;width:708px;height:auto\" srcset=\"https:\/\/paroisse-crach.fr\/wp-content\/uploads\/2025\/05\/Frat-St-Mathurin-scaled.jpg 2560w, https:\/\/paroisse-crach.fr\/wp-content\/uploads\/2025\/05\/Frat-St-Mathurin-300x204.jpg 300w, https:\/\/paroisse-crach.fr\/wp-content\/uploads\/2025\/05\/Frat-St-Mathurin-1024x697.jpg 1024w, https:\/\/paroisse-crach.fr\/wp-content\/uploads\/2025\/05\/Frat-St-Mathurin-768x523.jpg 768w, https:\/\/paroisse-crach.fr\/wp-content\/uploads\/2025\/05\/Frat-St-Mathurin-1536x1045.jpg 1536w, https:\/\/paroisse-crach.fr\/wp-content\/uploads\/2025\/05\/Frat-St-Mathurin-2048x1393.jpg 2048w, https:\/\/paroisse-crach.fr\/wp-content\/uploads\/2025\/05\/Frat-St-Mathurin-1568x1067.jpg 1568w\" sizes=\"auto, (max-width: 2560px) 100vw, 2560px\" \/><\/figure>\n<\/div>\n\n\n<p><\/p>\n\n\n<div class=\"wp-block-image\">\n<figure class=\"aligncenter size-full\"><img loading=\"lazy\" decoding=\"async\" width=\"51\" height=\"51\" src=\"http:\/\/paroisse-crach.fr\/wp-content\/uploads\/2025\/03\/Onction-malades.png\" alt=\"\" class=\"wp-image-589\"\/><\/figure>\n<\/div>\n\n\n<p><\/p>\n\n\n\n<p>Les fraternit\u00e9s paroissiales missionnaires sont des petits groupes de chr\u00e9tiens ou de personnes qui se r\u00e9unissent dans les paroisses de mani\u00e8re r\u00e9guli\u00e8re pour vivre ensemble des temps de convivialit\u00e9, de partage de la Parole de Dieu ou d\u2019un enseignement et de pri\u00e8re fraternelle.<\/p>\n\n\n\n<p>Actuellement, il y a 2 fraternit\u00e9s sur la paroisse et pourquoi pas, bient\u00f4t une 3\u00e8me : rejoignez-nous !<\/p>\n\n\n\n<p class=\"has-large-font-size\"><strong>Pour qui ? <\/strong><\/p>\n\n\n\n<p>Toutes les personnes qui le souhaitent&nbsp;: paroissiens, pratiquants occasionnels, nouveaux baptis\u00e9s et confirm\u00e9s, personnes venant de suivre une formation dioc\u00e9saine ou un parcours (Alpha\u2026), parents d\u2019enfants cat\u00e9chis\u00e9s, personnes qui veulent d\u00e9couvrir la foi ou en recherche de relations fraternelles, amis\u2026<\/p>\n\n\n\n<p class=\"has-large-font-size\"><strong>Quand ? <\/strong><\/p>\n\n\n\n<p>Tous les 15 jours ou 1 fois par mois, en dehors des p\u00e9riodes de vacances scolaires. Une rencontre dure environ 1h30.<\/p>\n\n\n\n<p class=\"has-large-font-size\"><strong>O\u00f9 ?<\/strong><\/p>\n\n\n\n<p>Au domicile de l\u2019un des participants.<\/p>\n\n\n\n<p class=\"has-large-font-size\"><strong>Contact <\/strong><\/p>\n\n\n\n<ul class=\"wp-block-list\">\n<li>Marc &amp; Peggy FATOU &#8211; <a href=\"tel:0608400914\"> 06 08 40 09 14<\/a><\/li>\n\n\n\n<li>V\u00e9ronique ROYERE &#8211;  <a href=\"tel:0611198086\">06 11 19 80 86<\/a><\/li>\n\n\n\n<li>Le recteur de la paroisse \u2013 <a href=\"mailto:paroissedecrach@gmail.com\">paroissedecrach@gmail.com<\/a> &#8211; <a href=\"tel:0297550344\">02 97 55 03 44<\/a><\/li>\n<\/ul>\n\n\n\n<div class=\"wp-block-buttons is-content-justification-center is-layout-flex wp-container-core-buttons-is-layout-a89b3969 wp-block-buttons-is-layout-flex\">\n<div class=\"wp-block-button\"><a class=\"wp-block-button__link has-background has-normal-font-size has-custom-font-size wp-element-button\" href=\"http:\/\/fraternites-paroissiales-missionnaires56.fr\/wp-content\/uploads\/2024\/05\/Flyer-Fraternites-paroissiales-missionnaires2024.pdf\" style=\"background-color:#0d4f8b\"><strong>T\u00e9l\u00e9charger le <\/strong>flyer<\/a><\/div>\n<\/div>\n\n\n\n<p class=\"has-background-color has-text-color has-link-color wp-elements-5df2f65bb47ad8d4c2e561c8e089c0a5\">11<\/p>\n\n\n<div class=\"wp-block-image\">\n<figure class=\"aligncenter size-full is-resized\"><img loading=\"lazy\" decoding=\"async\" width=\"782\" height=\"70\" src=\"http:\/\/paroisse-crach.fr\/wp-content\/uploads\/2025\/05\/ligne-separation-laurier.jpg\" alt=\"\" class=\"wp-image-1336\" style=\"width:300px\" srcset=\"https:\/\/paroisse-crach.fr\/wp-content\/uploads\/2025\/05\/ligne-separation-laurier.jpg 782w, https:\/\/paroisse-crach.fr\/wp-content\/uploads\/2025\/05\/ligne-separation-laurier-300x27.jpg 300w, https:\/\/paroisse-crach.fr\/wp-content\/uploads\/2025\/05\/ligne-separation-laurier-768x69.jpg 768w\" sizes=\"auto, (max-width: 782px) 100vw, 782px\" \/><\/figure>\n<\/div>\n\n\n<p class=\"has-large-font-size\"><\/p>\n","protected":false},"excerpt":{"rendered":"<p>Les fraternit\u00e9s paroissiales missionnaires sont des petits groupes de chr\u00e9tiens ou de personnes qui se r\u00e9unissent dans les paroisses de mani\u00e8re r\u00e9guli\u00e8re pour vivre ensemble des temps de convivialit\u00e9, de<a class=\"more-link\" href=\"https:\/\/paroisse-crach.fr\/?page_id=58\">Lire la suite <span class=\"screen-reader-text\">\u00ab\u00a0Fraternit\u00e9s paroissiales missionnaires\u00a0\u00bb<\/span><\/a><\/p>\n","protected":false},"author":1,"featured_media":0,"parent":0,"menu_order":0,"comment_status":"closed","ping_status":"closed","template":"","meta":{"iawp_total_views":75,"_mc_calendar":[],"footnotes":""},"class_list":["post-58","page","type-page","status-publish","hentry","entry"],"yoast_head":"<!-- This site is optimized with the Yoast SEO plugin v27.1 - https:\/\/yoast.com\/product\/yoast-seo-wordpress\/ -->\n<title>Fraternit\u00e9s paroissiales missionnaires - Paroisse de Crac&#039;h<\/title>\n<meta name=\"robots\" content=\"index, follow, max-snippet:-1, max-image-preview:large, max-video-preview:-1\" \/>\n<link rel=\"canonical\" href=\"https:\/\/paroisse-crach.fr\/?page_id=58\" \/>\n<meta property=\"og:locale\" content=\"fr_FR\" \/>\n<meta property=\"og:type\" content=\"article\" \/>\n<meta property=\"og:title\" content=\"Fraternit\u00e9s paroissiales missionnaires - Paroisse de Crac&#039;h\" \/>\n<meta property=\"og:description\" content=\"Les fraternit\u00e9s paroissiales missionnaires sont des petits groupes de chr\u00e9tiens ou de personnes qui se r\u00e9unissent dans les paroisses de mani\u00e8re r\u00e9guli\u00e8re pour vivre ensemble des temps de convivialit\u00e9, deLire la suite &quot;Fraternit\u00e9s paroissiales missionnaires&quot;\" \/>\n<meta property=\"og:url\" content=\"https:\/\/paroisse-crach.fr\/?page_id=58\" \/>\n<meta property=\"og:site_name\" content=\"Paroisse de Crac&#039;h\" \/>\n<meta property=\"article:modified_time\" content=\"2025-05-28T15:39:40+00:00\" \/>\n<meta property=\"og:image\" content=\"https:\/\/paroisse-crach.fr\/wp-content\/uploads\/2025\/05\/Frat-St-Mathurin-scaled.jpg\" \/>\n\t<meta property=\"og:image:width\" content=\"2560\" \/>\n\t<meta property=\"og:image:height\" content=\"1742\" \/>\n\t<meta property=\"og:image:type\" content=\"image\/jpeg\" \/>\n<meta name=\"twitter:card\" content=\"summary_large_image\" \/>\n<meta name=\"twitter:label1\" content=\"Dur\u00e9e de lecture estim\u00e9e\" \/>\n\t<meta name=\"twitter:data1\" content=\"1 minute\" \/>\n<script type=\"application\/ld+json\" class=\"yoast-schema-graph\">{\"@context\":\"https:\/\/schema.org\",\"@graph\":[{\"@type\":\"WebPage\",\"@id\":\"https:\/\/paroisse-crach.fr\/?page_id=58\",\"url\":\"https:\/\/paroisse-crach.fr\/?page_id=58\",\"name\":\"Fraternit\u00e9s paroissiales missionnaires - Paroisse de Crac&#039;h\",\"isPartOf\":{\"@id\":\"https:\/\/paroisse-crach.fr\/#website\"},\"primaryImageOfPage\":{\"@id\":\"https:\/\/paroisse-crach.fr\/?page_id=58#primaryimage\"},\"image\":{\"@id\":\"https:\/\/paroisse-crach.fr\/?page_id=58#primaryimage\"},\"thumbnailUrl\":\"http:\/\/paroisse-crach.fr\/wp-content\/uploads\/2025\/05\/Frat-St-Mathurin-scaled.jpg\",\"datePublished\":\"2025-02-25T07:53:43+00:00\",\"dateModified\":\"2025-05-28T15:39:40+00:00\",\"breadcrumb\":{\"@id\":\"https:\/\/paroisse-crach.fr\/?page_id=58#breadcrumb\"},\"inLanguage\":\"fr-FR\",\"potentialAction\":[{\"@type\":\"ReadAction\",\"target\":[\"https:\/\/paroisse-crach.fr\/?page_id=58\"]}]},{\"@type\":\"ImageObject\",\"inLanguage\":\"fr-FR\",\"@id\":\"https:\/\/paroisse-crach.fr\/?page_id=58#primaryimage\",\"url\":\"https:\/\/paroisse-crach.fr\/wp-content\/uploads\/2025\/05\/Frat-St-Mathurin-scaled.jpg\",\"contentUrl\":\"https:\/\/paroisse-crach.fr\/wp-content\/uploads\/2025\/05\/Frat-St-Mathurin-scaled.jpg\",\"width\":2560,\"height\":1742},{\"@type\":\"BreadcrumbList\",\"@id\":\"https:\/\/paroisse-crach.fr\/?page_id=58#breadcrumb\",\"itemListElement\":[{\"@type\":\"ListItem\",\"position\":1,\"name\":\"Accueil\",\"item\":\"https:\/\/paroisse-crach.fr\/\"},{\"@type\":\"ListItem\",\"position\":2,\"name\":\"Fraternit\u00e9s paroissiales missionnaires\"}]},{\"@type\":\"WebSite\",\"@id\":\"https:\/\/paroisse-crach.fr\/#website\",\"url\":\"https:\/\/paroisse-crach.fr\/\",\"name\":\"Paroisse de Crac'h\",\"description\":\"\u00c9glise Saint-Thuriau\",\"publisher\":{\"@id\":\"https:\/\/paroisse-crach.fr\/#organization\"},\"potentialAction\":[{\"@type\":\"SearchAction\",\"target\":{\"@type\":\"EntryPoint\",\"urlTemplate\":\"https:\/\/paroisse-crach.fr\/?s={search_term_string}\"},\"query-input\":{\"@type\":\"PropertyValueSpecification\",\"valueRequired\":true,\"valueName\":\"search_term_string\"}}],\"inLanguage\":\"fr-FR\"},{\"@type\":\"Organization\",\"@id\":\"https:\/\/paroisse-crach.fr\/#organization\",\"name\":\"Paroisse de Crac'h\",\"url\":\"https:\/\/paroisse-crach.fr\/\",\"logo\":{\"@type\":\"ImageObject\",\"inLanguage\":\"fr-FR\",\"@id\":\"https:\/\/paroisse-crach.fr\/#\/schema\/logo\/image\/\",\"url\":\"https:\/\/paroisse-crach.fr\/wp-content\/uploads\/2025\/06\/macaron-crach.jpg\",\"contentUrl\":\"https:\/\/paroisse-crach.fr\/wp-content\/uploads\/2025\/06\/macaron-crach.jpg\",\"width\":353,\"height\":353,\"caption\":\"Paroisse de Crac'h\"},\"image\":{\"@id\":\"https:\/\/paroisse-crach.fr\/#\/schema\/logo\/image\/\"}}]}<\/script>\n<!-- \/ Yoast SEO plugin. -->","yoast_head_json":{"title":"Fraternit\u00e9s paroissiales missionnaires - Paroisse de Crac&#039;h","robots":{"index":"index","follow":"follow","max-snippet":"max-snippet:-1","max-image-preview":"max-image-preview:large","max-video-preview":"max-video-preview:-1"},"canonical":"https:\/\/paroisse-crach.fr\/?page_id=58","og_locale":"fr_FR","og_type":"article","og_title":"Fraternit\u00e9s paroissiales missionnaires - Paroisse de Crac&#039;h","og_description":"Les fraternit\u00e9s paroissiales missionnaires sont des petits groupes de chr\u00e9tiens ou de personnes qui se r\u00e9unissent dans les paroisses de mani\u00e8re r\u00e9guli\u00e8re pour vivre ensemble des temps de convivialit\u00e9, deLire la suite \"Fraternit\u00e9s paroissiales missionnaires\"","og_url":"https:\/\/paroisse-crach.fr\/?page_id=58","og_site_name":"Paroisse de Crac&#039;h","article_modified_time":"2025-05-28T15:39:40+00:00","og_image":[{"width":2560,"height":1742,"url":"https:\/\/paroisse-crach.fr\/wp-content\/uploads\/2025\/05\/Frat-St-Mathurin-scaled.jpg","type":"image\/jpeg"}],"twitter_card":"summary_large_image","twitter_misc":{"Dur\u00e9e de lecture estim\u00e9e":"1 minute"},"schema":{"@context":"https:\/\/schema.org","@graph":[{"@type":"WebPage","@id":"https:\/\/paroisse-crach.fr\/?page_id=58","url":"https:\/\/paroisse-crach.fr\/?page_id=58","name":"Fraternit\u00e9s paroissiales missionnaires - Paroisse de Crac&#039;h","isPartOf":{"@id":"https:\/\/paroisse-crach.fr\/#website"},"primaryImageOfPage":{"@id":"https:\/\/paroisse-crach.fr\/?page_id=58#primaryimage"},"image":{"@id":"https:\/\/paroisse-crach.fr\/?page_id=58#primaryimage"},"thumbnailUrl":"http:\/\/paroisse-crach.fr\/wp-content\/uploads\/2025\/05\/Frat-St-Mathurin-scaled.jpg","datePublished":"2025-02-25T07:53:43+00:00","dateModified":"2025-05-28T15:39:40+00:00","breadcrumb":{"@id":"https:\/\/paroisse-crach.fr\/?page_id=58#breadcrumb"},"inLanguage":"fr-FR","potentialAction":[{"@type":"ReadAction","target":["https:\/\/paroisse-crach.fr\/?page_id=58"]}]},{"@type":"ImageObject","inLanguage":"fr-FR","@id":"https:\/\/paroisse-crach.fr\/?page_id=58#primaryimage","url":"https:\/\/paroisse-crach.fr\/wp-content\/uploads\/2025\/05\/Frat-St-Mathurin-scaled.jpg","contentUrl":"https:\/\/paroisse-crach.fr\/wp-content\/uploads\/2025\/05\/Frat-St-Mathurin-scaled.jpg","width":2560,"height":1742},{"@type":"BreadcrumbList","@id":"https:\/\/paroisse-crach.fr\/?page_id=58#breadcrumb","itemListElement":[{"@type":"ListItem","position":1,"name":"Accueil","item":"https:\/\/paroisse-crach.fr\/"},{"@type":"ListItem","position":2,"name":"Fraternit\u00e9s paroissiales missionnaires"}]},{"@type":"WebSite","@id":"https:\/\/paroisse-crach.fr\/#website","url":"https:\/\/paroisse-crach.fr\/","name":"Paroisse de Crac'h","description":"\u00c9glise Saint-Thuriau","publisher":{"@id":"https:\/\/paroisse-crach.fr\/#organization"},"potentialAction":[{"@type":"SearchAction","target":{"@type":"EntryPoint","urlTemplate":"https:\/\/paroisse-crach.fr\/?s={search_term_string}"},"query-input":{"@type":"PropertyValueSpecification","valueRequired":true,"valueName":"search_term_string"}}],"inLanguage":"fr-FR"},{"@type":"Organization","@id":"https:\/\/paroisse-crach.fr\/#organization","name":"Paroisse de Crac'h","url":"https:\/\/paroisse-crach.fr\/","logo":{"@type":"ImageObject","inLanguage":"fr-FR","@id":"https:\/\/paroisse-crach.fr\/#\/schema\/logo\/image\/","url":"https:\/\/paroisse-crach.fr\/wp-content\/uploads\/2025\/06\/macaron-crach.jpg","contentUrl":"https:\/\/paroisse-crach.fr\/wp-content\/uploads\/2025\/06\/macaron-crach.jpg","width":353,"height":353,"caption":"Paroisse de Crac'h"},"image":{"@id":"https:\/\/paroisse-crach.fr\/#\/schema\/logo\/image\/"}}]}},"_links":{"self":[{"href":"https:\/\/paroisse-crach.fr\/index.php?rest_route=\/wp\/v2\/pages\/58","targetHints":{"allow":["GET"]}}],"collection":[{"href":"https:\/\/paroisse-crach.fr\/index.php?rest_route=\/wp\/v2\/pages"}],"about":[{"href":"https:\/\/paroisse-crach.fr\/index.php?rest_route=\/wp\/v2\/types\/page"}],"author":[{"embeddable":true,"href":"https:\/\/paroisse-crach.fr\/index.php?rest_route=\/wp\/v2\/users\/1"}],"replies":[{"embeddable":true,"href":"https:\/\/paroisse-crach.fr\/index.php?rest_route=%2Fwp%2Fv2%2Fcomments&post=58"}],"version-history":[{"count":21,"href":"https:\/\/paroisse-crach.fr\/index.php?rest_route=\/wp\/v2\/pages\/58\/revisions"}],"predecessor-version":[{"id":2009,"href":"https:\/\/paroisse-crach.fr\/index.php?rest_route=\/wp\/v2\/pages\/58\/revisions\/2009"}],"wp:attachment":[{"href":"https:\/\/paroisse-crach.fr\/index.php?rest_route=%2Fwp%2Fv2%2Fmedia&parent=58"}],"curies":[{"name":"wp","href":"https:\/\/api.w.org\/{rel}","templated":true}]}}